{"id":120,"date":"2023-03-02T14:39:04","date_gmt":"2023-03-02T13:39:04","guid":{"rendered":"https:\/\/founex-loisirs.ch\/?page_id=120"},"modified":"2023-05-01T09:31:23","modified_gmt":"2023-05-01T07:31:23","slug":"le-comite","status":"publish","type":"page","link":"https:\/\/founex-loisirs.ch\/?page_id=120","title":{"rendered":"Le Comit\u00e9"},"content":{"rendered":"\n<p>Secr\u00e9taire : Elodie Lachavanne &#8211; Responsable des adh\u00e9rents &amp; de la communication. <\/p>\n\n\n\n<p>Tr\u00e9sorier: Peter Quigley &#8211; Responsable des comptes de l&rsquo;association.<\/p>\n\n\n\n<p>Vice-Pr\u00e9sident: Lionel Maurer  &#8211; Responsable du rallye de printemps, de la soir\u00e9e raclette et du championnat Mario Kart.<\/p>\n\n\n\n<p>Pr\u00e9sidente: Maud Majeres Lugand  &#8211; Responsable communication &amp; de la visite du P\u00e8re No\u00ebl<\/p>\n\n\n\n<p>Membre: Val\u00e9rie Steck  &#8211; Responsable du Troc <\/p>\n\n\n\n<p>Membre: Silvio Mueller &#8211; Responsable de la logistique<\/p>\n\n\n\n<p>Membre: Laure Boeri &#8211; Responsable de l&rsquo;atelier lanterne <\/p>\n\n\n\n<p><\/p>\n\n\n\n<p><\/p>\n\n\n\n<p>R\u00e9viseuses&nbsp;du compte de l&rsquo;association pour l&rsquo;ann\u00e9e 2023:  Rolande Neuweiler &amp; Rita Weber.<\/p>\n\n\n\n<p>Suppl\u00e9ante&nbsp;: Marguerite Qu\u00e9loz<\/p>\n\n\n\n<figure class=\"wp-block-image size-large\"><img loading=\"lazy\" decoding=\"async\" width=\"1024\" height=\"768\" src=\"https:\/\/founex-loisirs.ch\/wp-content\/uploads\/2023\/03\/c4f3cbd1-8900-4d70-b8ea-180cf98dead1-1024x768.jpeg\" alt=\"\" class=\"wp-image-157\" srcset=\"https:\/\/founex-loisirs.ch\/wp-content\/uploads\/2023\/03\/c4f3cbd1-8900-4d70-b8ea-180cf98dead1-1024x768.jpeg 1024w, https:\/\/founex-loisirs.ch\/wp-content\/uploads\/2023\/03\/c4f3cbd1-8900-4d70-b8ea-180cf98dead1-300x225.jpeg 300w, https:\/\/founex-loisirs.ch\/wp-content\/uploads\/2023\/03\/c4f3cbd1-8900-4d70-b8ea-180cf98dead1-768x576.jpeg 768w, https:\/\/founex-loisirs.ch\/wp-content\/uploads\/2023\/03\/c4f3cbd1-8900-4d70-b8ea-180cf98dead1-1536x1152.jpeg 1536w, https:\/\/founex-loisirs.ch\/wp-content\/uploads\/2023\/03\/c4f3cbd1-8900-4d70-b8ea-180cf98dead1.jpeg 2048w\" sizes=\"auto, (max-width: 1024px) 100vw, 1024px\" \/><figcaption class=\"wp-element-caption\">(c) Founex Loisirs<\/figcaption><\/figure>\n\n\n\n<p>Founex Loisirs ne pourrait exister sans la participation de tous ses b\u00e9n\u00e9voles ainsi que ses anciens membres fondateurs!  <\/p>\n\n\n\n<p><strong>Un grand merci \u00e0 tous pour votre pr\u00e9cieux et fid\u00e8le engagement!!!<\/strong><\/p>\n","protected":false},"excerpt":{"rendered":"<p>Secr\u00e9taire : Elodie Lachavanne &#8211; Responsable des adh\u00e9rents &amp; de la communication. Tr\u00e9sorier: Peter Quigley &#8211; Responsable des comptes de l&rsquo;association. Vice-Pr\u00e9sident: Lionel Maurer &#8211; Responsable du rallye de printemps, de la soir\u00e9e raclette et du championnat Mario Kart. Pr\u00e9sidente: Maud Majeres Lugand &#8211; Responsable communication &amp; de la visite du P\u00e8re No\u00ebl Membre: Val\u00e9rie [&hellip;]<\/p>\n","protected":false},"author":2,"featured_media":0,"parent":0,"menu_order":0,"comment_status":"closed","ping_status":"closed","template":"","meta":{"_monsterinsights_skip_tracking":false,"_monsterinsights_sitenote_active":false,"_monsterinsights_sitenote_note":"","_monsterinsights_sitenote_category":0,"footnotes":""},"class_list":["post-120","page","type-page","status-publish","hentry"],"_links":{"self":[{"href":"https:\/\/founex-loisirs.ch\/index.php?rest_route=\/wp\/v2\/pages\/120","targetHints":{"allow":["GET"]}}],"collection":[{"href":"https:\/\/founex-loisirs.ch\/index.php?rest_route=\/wp\/v2\/pages"}],"about":[{"href":"https:\/\/founex-loisirs.ch\/index.php?rest_route=\/wp\/v2\/types\/page"}],"author":[{"embeddable":true,"href":"https:\/\/founex-loisirs.ch\/index.php?rest_route=\/wp\/v2\/users\/2"}],"replies":[{"embeddable":true,"href":"https:\/\/founex-loisirs.ch\/index.php?rest_route=%2Fwp%2Fv2%2Fcomments&post=120"}],"version-history":[{"count":12,"href":"https:\/\/founex-loisirs.ch\/index.php?rest_route=\/wp\/v2\/pages\/120\/revisions"}],"predecessor-version":[{"id":253,"href":"https:\/\/founex-loisirs.ch\/index.php?rest_route=\/wp\/v2\/pages\/120\/revisions\/253"}],"wp:attachment":[{"href":"https:\/\/founex-loisirs.ch\/index.php?rest_route=%2Fwp%2Fv2%2Fmedia&parent=120"}],"curies":[{"name":"wp","href":"https:\/\/api.w.org\/{rel}","templated":true}]}}